{"id":358,"date":"2014-12-12T11:11:53","date_gmt":"2014-12-12T10:11:53","guid":{"rendered":"http:\/\/www.zahnarzt-mauer.at\/?page_id=358"},"modified":"2014-12-18T14:17:13","modified_gmt":"2014-12-18T13:17:13","slug":"parodontalbehandlung","status":"publish","type":"page","link":"https:\/\/www.zahnarzt-mauer.at\/?page_id=358","title":{"rendered":"Parodontalbehandlung"},"content":{"rendered":"<p>Bei der Parodontalbehandlung werden die Z\u00e4hne einerseits an der Oberfl\u00e4che speziell gereinigt und poliert, andrerseits die Bereiche zwischen den Z\u00e4hnen unter dem Zahnfleisch professionell gereinigt und poliert was besonders bei Parodontose wichtig ist.<\/p>\n","protected":false},"excerpt":{"rendered":"<p>Bei der Parodontalbehandlung werden die Z\u00e4hne einerseits an der Oberfl\u00e4che speziell gereinigt und poliert, andrerseits die Bereiche zwischen den Z\u00e4hnen unter dem Zahnfleisch professionell gereinigt und poliert was besonders bei Parodontose wichtig ist.<\/p>\n","protected":false},"author":1,"featured_media":0,"parent":10,"menu_order":0,"comment_status":"closed","ping_status":"open","template":"","meta":{"_exactmetrics_skip_tracking":false,"_exactmetrics_sitenote_active":false,"_exactmetrics_sitenote_note":"","_exactmetrics_sitenote_category":0,"footnotes":""},"class_list":["post-358","page","type-page","status-publish","hentry"],"_links":{"self":[{"href":"https:\/\/www.zahnarzt-mauer.at\/index.php?rest_route=\/wp\/v2\/pages\/358","targetHints":{"allow":["GET"]}}],"collection":[{"href":"https:\/\/www.zahnarzt-mauer.at\/index.php?rest_route=\/wp\/v2\/pages"}],"about":[{"href":"https:\/\/www.zahnarzt-mauer.at\/index.php?rest_route=\/wp\/v2\/types\/page"}],"author":[{"embeddable":true,"href":"https:\/\/www.zahnarzt-mauer.at\/index.php?rest_route=\/wp\/v2\/users\/1"}],"replies":[{"embeddable":true,"href":"https:\/\/www.zahnarzt-mauer.at\/index.php?rest_route=%2Fwp%2Fv2%2Fcomments&post=358"}],"version-history":[{"count":3,"href":"https:\/\/www.zahnarzt-mauer.at\/index.php?rest_route=\/wp\/v2\/pages\/358\/revisions"}],"predecessor-version":[{"id":368,"href":"https:\/\/www.zahnarzt-mauer.at\/index.php?rest_route=\/wp\/v2\/pages\/358\/revisions\/368"}],"up":[{"embeddable":true,"href":"https:\/\/www.zahnarzt-mauer.at\/index.php?rest_route=\/wp\/v2\/pages\/10"}],"wp:attachment":[{"href":"https:\/\/www.zahnarzt-mauer.at\/index.php?rest_route=%2Fwp%2Fv2%2Fmedia&parent=358"}],"curies":[{"name":"wp","href":"https:\/\/api.w.org\/{rel}","templated":true}]}}