{"id":186,"date":"2014-11-04T11:36:52","date_gmt":"2014-11-04T09:36:52","guid":{"rendered":"http:\/\/www.zahnarzt-mauer.at\/?page_id=186"},"modified":"2014-12-03T16:03:28","modified_gmt":"2014-12-03T14:03:28","slug":"kieferorthopaedie","status":"publish","type":"page","link":"https:\/\/www.zahnarzt-mauer.at\/?page_id=186","title":{"rendered":"Kieferorthop\u00e4die"},"content":{"rendered":"<p>Bei Fehlstellungen der Z\u00e4hne oder der Kiefer f\u00fchren wir Ma\u00dfnahmen zur Umformung und Einstellung in die korrekte Verzahnung durch, um sp\u00e4tere Folgesch\u00e4den zu vermeiden.<br \/>\nDas Ziel ist es, die Abbei\u00df- und Kaufunktion des Gebisses wiederherzustellen, durch Auflockerung gedr\u00e4ngt stehender Z\u00e4hne der Karies vorzubeugen, eine falsche Mundatmung in eine Nasenatmung \u00fcberzuf\u00fchren und Sprachfehler auszubessern.<\/p>\n<p>Abh\u00e4ngig von der Anomalie, therapieren wir mit herausnehmbaren Ger\u00e4ten, die nur in der Nacht zu tragen sind (Bild links), oder mit festsitzenden sogenannten Multibandapparaturen (z.B.<a title=\"Brackets\" href=\"https:\/\/www.zahnarzt-mauer.at\/?page_id=190\">Brackets<\/a>).<\/p>\n","protected":false},"excerpt":{"rendered":"<p>Bei Fehlstellungen der Z\u00e4hne oder der Kiefer f\u00fchren wir Ma\u00dfnahmen zur Umformung und Einstellung in die korrekte Verzahnung durch, um sp\u00e4tere Folgesch\u00e4den zu vermeiden. Das Ziel ist es, die Abbei\u00df- und Kaufunktion des Gebisses wiederherzustellen, durch Auflockerung gedr\u00e4ngt stehender Z\u00e4hne der Karies vorzubeugen, eine falsche Mundatmung in eine Nasenatmung \u00fcberzuf\u00fchren und Sprachfehler auszubessern. Abh\u00e4ngig von [&hellip;]<\/p>\n","protected":false},"author":1,"featured_media":0,"parent":10,"menu_order":5,"comment_status":"closed","ping_status":"open","template":"","meta":{"_exactmetrics_skip_tracking":false,"_exactmetrics_sitenote_active":false,"_exactmetrics_sitenote_note":"","_exactmetrics_sitenote_category":0,"footnotes":""},"class_list":["post-186","page","type-page","status-publish","hentry"],"_links":{"self":[{"href":"https:\/\/www.zahnarzt-mauer.at\/index.php?rest_route=\/wp\/v2\/pages\/186","targetHints":{"allow":["GET"]}}],"collection":[{"href":"https:\/\/www.zahnarzt-mauer.at\/index.php?rest_route=\/wp\/v2\/pages"}],"about":[{"href":"https:\/\/www.zahnarzt-mauer.at\/index.php?rest_route=\/wp\/v2\/types\/page"}],"author":[{"embeddable":true,"href":"https:\/\/www.zahnarzt-mauer.at\/index.php?rest_route=\/wp\/v2\/users\/1"}],"replies":[{"embeddable":true,"href":"https:\/\/www.zahnarzt-mauer.at\/index.php?rest_route=%2Fwp%2Fv2%2Fcomments&post=186"}],"version-history":[{"count":2,"href":"https:\/\/www.zahnarzt-mauer.at\/index.php?rest_route=\/wp\/v2\/pages\/186\/revisions"}],"predecessor-version":[{"id":192,"href":"https:\/\/www.zahnarzt-mauer.at\/index.php?rest_route=\/wp\/v2\/pages\/186\/revisions\/192"}],"up":[{"embeddable":true,"href":"https:\/\/www.zahnarzt-mauer.at\/index.php?rest_route=\/wp\/v2\/pages\/10"}],"wp:attachment":[{"href":"https:\/\/www.zahnarzt-mauer.at\/index.php?rest_route=%2Fwp%2Fv2%2Fmedia&parent=186"}],"curies":[{"name":"wp","href":"https:\/\/api.w.org\/{rel}","templated":true}]}}